y 1188.
9
What is the remainder when 540291 is divided by 76?
7
Calculate the remainder when 27999 is divided by 459.
0
Calculate the remainder when 6437 is divided by 6312.
125
Calculate the remainder when 1027426319 is divided by 10.
9
Calculate the remainder when 5758274 is divided by 1027.
912
What is the remainder when 21364546 is divided by 28?
14
What is the remainder when 40987 is divided by 1171?
2
Calculate the remainder when 4684121 is divided by 4683917.
204
Calculate the remainder when 10949 is divided by 1564.
1
Calculate the remainder when 103670 is divided by 51521.
628
What is the remainder when 26560 is divided by 4174?
1516
Calculate the remainder when 1169493 is divided by 386.
299
What is the remainder when 107464 is divided by 53732?
0
Calculate the remainder when 406408 is divided by 14.
2
Calculate the remainder when 306005 is divided by 305987.
18
Calculate the remainder when 98315124 is divided by 859.
856
Calculate the remainder when 8960379 is divided by 358.
355
Calculate the remainder when 6765112 is divided by 180.
172
What is the remainder when 295121 is divided by 520?
281
What is the remainder when 725170 is divided by 4030?
3800
Calculate the remainder when 12659735 is divided by 36.
11
What is the remainder when 7766198 is divided by 308?
286
What is the remainder when 145392 is divided by 233?
0
What is the remainder when 155830858 is divided by 5189?
5188
Calculate the remainder when 1896166 is divided by 1967.
1945
What is the remainder when 73022 is divided by 36202?
618
What is the remainder when 332816 is divided by 82936?
1072
Calculate the remainder when 1261604 is divided by 151.
150
What is the remainder when 9953988 is divided by 1385?
1378
What is the remainder when 4046850 is divided by 4046364?
486
Calculate the remainder when 14080 is divided by 13049.
1031
What is the remainder when 39336 is divided by 3842?
916
Calculate the remainder when 96780 is divided by 99.
57
Calculate the remainder when 1130617 is divided by 94218.
1
What is the remainder when 90329 is divided by 4794?
4037
Calculate the remainder when 43663091 is divided by 47.
44
What is the remainder when 1633648 is divided by 408336?
304
Calculate the remainder when 195243752 is divided by 4806.
2
What is the remainder when 2944977 is divided by 191?
139
What is the remainder when 8778814 is divided by 64?
62
Calculate the remainder when 669908 is divided by 763.
757
Calculate the remainder when 146939647 is divided by 110.
107
What is the remainder when 21120 is divided by 3807?
2085
Calculate the remainder when 23460439 is divided by 14.
9
What is the remainder when 442580 is divided by 8508?
164
What is the remainder when 284240 is divided by 4736?
80
Calculate the remainder when 27544 is divided by 5484.
124
What is the remainder when 731783 is divided by 194?
15
Calculate the remainder when 46665444 is divided by 29.
7
Calculate the remainder when 37158 is divided by 8286.
4014
Calculate the remainder when 11618563 is divided by 2119.
86
What is the remainder when 4272348 is divided by 77679?
3
What is the remainder when 1740382 is divided by 28527?
235
Calculate the remainder when 9085804 is divided by 99844.
0
Calculate the remainder when 248159722 is divided by 15.
7
What is the remainder when 4801643 is divided by 4035?
4028
Calculate the remainder when 2413240 is divided by 2413218.
22
Calculate the remainder when 489287 is divided by 1168.
1063
Calculate the remainder when 1125178 is divided by 2635.
33
Calculate the remainder when 1729753 is divided by 611.
12
Calculate the remainder when 3105167 is divided by 35.
2
Calculate the remainder when 57461 is divided by 4539.
2993
What is the remainder when 739292 is divided by 13?
8
What is the remainder when 10978265 is divided by 1754?
1733
Calculate the remainder when 26445567 is divided by 1888969.
1
Calculate the remainder when 55029 is divided by 2204.
2133
Calculate the remainder when 486947 is divided by 60.
47
What is the remainder when 54461948 is divided by 810?
788
Calculate the remainder when 991529 is divided by 991033.
496
What is the remainder when 5396854 is divided by 2698418?
18
What is the remainder when 47909 is divided by 4349?
70
What is the remainder when 93550967 is divided by 3771?
3770
Calculate the remainder when 3544634 is divided by 38.
32
What is the remainder when 257017 is divided by 184?
153
Calculate the remainder when 1482103 is divided by 37.
31
What is the remainder when 4303221 is divided by 472?
469
Calculate the remainder when 4184115 is divided by 77.
12
What is the remainder when 870068 is divided by 14999?
126
Calculate the remainder when 971617 is divided by 971443.
174
Calculate the remainder when 191691 is divided by 95788.
115
What is the remainder when 2903859 is divided by 967947?
18
Calculate the remainder when 112664 is divided by 13635.
3584
What is the remainder when 47104492 is divided by 17?
8
Calculate the remainder when 556487 is divided by 391.
94
What is the remainder when 15432195 is divided by 205?
0
What is the remainder when 159079561 is divided by 13256630?
1
Calculate the remainder when 207698 is divided by 6289.
161
What is the remainder when 189920 is divided by 366?
332
Calculate the remainder when 1457975902 is divided by 5664.
5662
What is the remainder when 358068143 is divided by 12?
11
What is the remainder when 2469260 is divided by 190?
20
Calculate the remainder when 1761016 is divided by 195655.
121
Calculate the remainder when 240288 is divided by 4618.
152
Calculate the remainder when 5644302 is divided by 2040.
1662
What is the remainder when 10904894 is divided by 871?
845
What is the remainder when 644799 is divided by 1506?
231
What is the remainder when 58774249 is divided by 27908?
1
What is the remainder when 1962661 is divided by 6987?
6301
Calculate the remainder when 19158925 is divided by 13.
6
Calculate the remainder when 1099066 is divided by 1099039.
27
What is the remainder when 759186 is divided by 2?
0
Calculate the remainder when 51106 is divided by 600.
106
What is the remainder when 36786 is divided by 1932?
78
What is the remainder when 21080 is divided by 1903?
147
Calculate the remainder when 459033979 is divided by 72.
67
What is the remainder when 1667346 is divided by 1667341?
5
What is the remainder when 1275889 is divided by 5747?
55
Calculate the remainder when 179527 is divided by 2459.
20
Calculate the remainder when 365824 is divided by 5353.
1820
What is the remainder when 5522527 is divided by 306803?
73
Calculate the remainder when 97929 is divided by 232.
25
What is the remainder when 805 is divided by 525?
280
What is the remainder when 116926 is divided by 3085?
2781
What is the remainder when 5630 is divided by 1151?
1026
What is the remainder when 110421 is divided by 1873?
1787
Calculate the remainder when 176982 is divided by 118.
100
What is the remainder when 47711739 is divided by 3715?
3709
Calculate the remainder when 5201 is divided by 3455.
1746
What is the remainder when 57775862 is divided by 35?
32
What is the remainder when 1387596 is divided by 1387559?
37
What is the remainder when 15000 is divided by 7329?
342
Calculate the remainder when 1633277 is divided by 8089.
7388
What is the remainder when 176322 is divided by 2483?
29
What is the remainder when 32612 is divided by 168?
20
What is the remainder when 2279260 is divided by 53?
48
Calculate the remainder when 940016 is divided by 37.
31
What is the remainder when 63938906 is divided by 21312966?
8
Calculate the remainder when 71470 is divided by 41.
7
What is the remainder when 6514714 is divided by 9267?
13
Calculate the remainder when 372945 is divided by 6321.
6
Calculate the remainder when 20503 is divided by 3716.
1923
What is the remainder when 75685 is divided by 2161?
50
What is the remainder when 415123 is divided by 415069?
54
Calculate the remainder when 24812930 is divided by 151.
6
Calculate the remainder when 1243784 is divided by 621834.
116
Calculate the remainder when 207767539 is divided by 1208.
1203
Calculate the remainder when 33573131 is divided by 840.
11
What is the remainder when 1209068 is divided by 38955?
1463
Calculate the remainder when 201077313 is 